t is -11 - 222202220?
-222210001
In base 10, what is -21973 - -1?
-21972
In base 12, what is 54a + 1222?
1770
In base 14, what is -62 - -6dc?
67a
In base 5, what is 0 - -141202401?
141202401
In base 11, what is 99a1 + -4?
9998
In base 14, what is 7 + -81d?
-816
In base 13, what is -3a111b - -3?
-3a1118
In base 14, what is -d2d07 + -6?
-d2d0d
In base 11, what is 8903 - -7?
890a
In base 9, what is -346 - 18127?
-18474
In base 15, what is 7 - ecd?
-ec6
In base 16, what is 1e85 - 0?
1e85
In base 9, what is -2 - 62336?
-62338
In base 16, what is 472c2 - 1?
472c1
In base 6, what is -10 - 2025?
-2035
In base 8, what is 4212 - -3?
4215
In base 3, what is -1221210 - -10100?
-1211110
In base 11, what is 0 - -30147?
30147
In base 16, what is 101 - -27?
128
In base 10, what is 18513 + 7?
18520
In base 14, what is 3691 - 4?
368b
In base 12, what is -19b3 - 5?
-19b8
In base 10, what is -370297 + 5?
-370292
In base 7, what is -5 - 206160?
-206165
In base 13, what is -5 + 323c9?
323c4
In base 8, what is 5136 + -320?
4616
In base 3, what is 21 + -1100010011021?
-1100010011000
In base 4, what is -13 + 1022312?
1022233
In base 11, what is -125 - 70?
-195
In base 13, what is 4974 + -4b4?
4490
In base 8, what is 3 + -67237?
-67234
In base 5, what is 1413 + -44?
1314
In base 2, what is -100100011000001001 + 1111?
-100100010111111010
In base 12, what is -206 - 704?
-90a
In base 8, what is -5242153 + 2?
-5242151
In base 2, what is 10101011111 + -1001000?
10100010111
In base 9, what is -11 - -68063?
68052
In base 16, what is b9e6 - -3?
b9e9
In base 5, what is 133 + -1111?
-423
In base 11, what is -8 + -65369?
-65376
In base 12, what is -a6b - 77?
-b26
In base 7, what is -634264 + -13?
-634310
In base 14, what is 4d9 + 11d?
618
In base 5, what is -1031 + -12130?
-13211
In base 12, what is 30 + -4a35?
-4a05
In base 12, what is 3 - -30004?
30007
In base 14, what is -1 - 3b881?
-3b882
In base 12, what is 318b + 8?
3197
In base 3, what is -20101012 + -21100?
-20122112
In base 16, what is -13 + -1056?
-1069
In base 14, what is -bd + -25a6?
-2685
In base 2, what is 10000100110000 - -111?
10000100110111
In base 13, what is -3 - 79504?
-79507
In base 6, what is 213040 + 5?
213045
In base 2, what is 11 + 11011100010011000?
11011100010011011
In base 6, what is 5 - 122511?
-122502
In base 7, what is -61002 + -10?
-61012
In base 6, what is -55422 - 2?
-55424
In base 11, what is -4 + 5232?
5229
In base 14, what is 9 + 30b7?
30c2
In base 11, what is 877 + -117?
760
In base 13, what is 10a + 295?
3a2
In base 9, what is 24107 + 221?
24328
In base 5, what is -30144 - -13?
-30131
In base 15, what is -1 - -13d92?
13d91
In base 5, what is -3 + 20302141?
20302133
In base 12, what is -11 + 29365?
29354
In base 9, what is -1763723 - 3?
-1763726
In base 9, what is 151 - -1126?
1277
In base 6, what is -222013 + -20?
-222033
In base 3, what is 11212110 - 1?
11212102
In base 14, what is -3 - 88367?
-8836a
In base 14, what is 281234 - -3?
281237
In base 12, what is -58b - -2485?
1ab6
In base 6, what is 3 + 1454?
1501
In base 12, what is 862 + 6?
868
In base 3, what is -1021021 - 11200?
-1102221
In base 2, what is -1110 - 101101110110?
-101110000100
In base 6, what is 225 - 1142?
-513
In base 12, what is 2 + -b56a?
-b568
In base 8, what is -141427 - -7?
-141420
In base 12, what is 5 + -7?
-2
In base 8, what is 57255 - 25?
57230
In base 13, what is 7345 + -82?
7293
In base 15, what is -58ecc + 4?
-58ec8
In base 11, what is 234 + -a98?
-864
In base 8, what is 57 + -2143?
-2064
In base 8, what is -7135 + 107?
-7026
In base 5, what is 103443312 - -4?
103443321
In base 15, what is 7 - -5a0?
5a7
In base 13, what is -14cb13 + 5?
-14cb0b
In base 4, what is -132 + 11033?
10301
In base 8, what is 141467 - -6?
141475
In base 5, what is -2434 + -13144?
-21133
In base 8, what is -1 + 501512?
501511
In base 6, what is 35 - 115310?
-115231
In base 13, what is 286c - -63?
2902
In base 4, what is 12 - 3010312301?
-3010312223
In base 4, what is 20023333 - 321?
20023012
In base 8, what is -10 - -241333?
241323
In base 15, what is 31 + -1452?
-1421
In base 4, what is 2010101 + 332?
2011033
In base 7, what is -46 + 3603?
3524
In base 12, what is 86975 - 5?
86970
In base 2, what is 11111101110 + 10101110111?
110101100101
In base 13, what is 1 + -4bb2?
-4bb1
In base 9, what is 308 + -80?
218
In base 13, what is -b3284c - -5?
-b32847
In base 9, what is 1758 + 1176?
3045
In base 13, what is -1128c61 + -5?
-1128c66
In base 11, what is -1439 - -6?
-1433
In base 2, what is 1011100001000 + 100011?
1011100101011
In base 16, what is -7 - -140f?
1408
In base 14, what is -2 + -9961?
-9963
In base 10, what is -225 - 981?
-1206
In base 10, what is -5 - 658?
-663
In base 14, what is -6 + -b29?
-b31
In base 13, what is -5c5 + 5b?
-567
In base 3, what is -1102022021000 + -10?
-1102022021010
In base 7, what is 3 - -15111?
15114
In base 16, what is 1c - 32e8?
-32cc
In base 16, what is -6920 + -4?
-6924
In base 3, what is -1010 - -11100?
10020
In base 16, what is -2479a - 7?
-247a1
In base 8, what is -112 - 3512?
-3624
In base 4, what is -3032 + -1113?
-10211
In base 10, what is -275 - 656?
-931
In base 2, what is -1010001 - 111010001?
-1000100010
In base 13, what is 1 - 177aa?
-177a9
In base 7, what is -20233602 + 2?
-20233600
In base 16, what is -2b - -d15?
cea
In base 7, what is 5 - -14216?
14224
In base 9, what is -261 + 358?
87
In base 9, what is 10 - 188130?
-188120
In base 2, what is 1 + 111100001110?
111100001111
In base 14, what is -136 + 63?
-b3
In base 9, what is -65351 - -2?
-65348
In base 2, what is -10 - 1001011001011000?
-1001011001011010
In base 4, what is 10 + 1221133?
1221203
In base 4, what is 133102220 + -10?
133102210
In base 7, what is -3056 + -1636?
-5025
In base 3, what is 11121 + 120012?
201210
In base 7, what is -62254 - -1?
-62253
In base 10, what is -76453 - 2?
-76455
In base 9, what is 4 - -1841014?
1841018
In base 14, what is -8a - 502?
-58c
In base 3, what is 2010121110002 - -2?
2010121110011
In base 6, what is 1 + 4553?
4554
In base 11, what is -160 + -14a89?
-15139
In base 6, what is 10540323 + 5?
10540332
In base 7, what is -11606 + -1001?
-12610
In base 11, what is -338 + 24?
-314
In base 8, what is 304 + -224?
60
In base 2, what is 100111000110100 - -11?
100111000110111
In base 3, what is -1222120102 - -222?
-1222112110
In base 15, what is -a1e336 + 2?
-a1e334
In base 4, what is -131 - -30012?
23221
In base 16, what is -b66 + 33?
-b33
In base 2, what is 111110110010001 + 111?
111110110011000
In base 10, what is 6838 + -167?
6671
In base 13, what is 8 - 1977?
-196c
In base 4, what is -10 - 20133233?
-20133303
In base 13, what is -3a9 - -13?
-396
In base 8, what is -1476 + -17?
-1515
In base 7, what is 320 + -100532?
-100212
In base 8, what is 1 + -13?
-12
In base 5, what is 211 + -42321?
-42110
In base 12, what is 2 + 2528?
252a
In base 15, what is -5a1e - 46?
-5a65
In base 7, what is 100 - -10061?
10161
In base 2, what is 111110111110 + 100010?
111111100000
In base 14, what is 1ccd + -4?
1cc9
In base 11, what is 938 - 10?
928
In base 14, what is 3814 - -57?
386b
In base 7, what is -41 + -136?
-210
In base 5, what is 23042 - 30?
23012
In base 11, what is 13 + a62?
a75
In base 5, what is 10 + -421433?
-421423
In base 14, what is 1b6c - -94?
1c22
In base 8, what is -11342 - 3?
-11345
In base 10, what is 3161 + 4?
3165
In base 3, what is 10000 - 111110?
-101110
In base 2, what is -10100110000011 - -101?
-10100101111110
In base 11, what is -758 + -297?
-a44
In base 12, what is -704 - 2757?
-325b
In base 11, what is 0 - -a5aa08?
a5aa08
In base 14, what is d85c3 + -1?
d85c2
In base 9, what is -3050 + 1?
-3048
In base 6, what is -11 + 15224214?
15224203
In base 12, what is 14 - 575?
-561
In base 5, what is 4242102 + -1?
4242101
In base 11, what is 14 + -7713?
-76aa
In base 15, what is 836b + c?
8378
In base 3, what is -20 + -221112021?
-221112111
In base 10, what is -3 + 1423852?
1423849
In base 14, what is 4356 + -45?
4311
In base 15, what is 68 + -ac7?
-a5e
In base 3, what is 2021 - -202?
10000
In base 15, what is -27ea0 + 1?
-27e9e
In base 11, what is -49372 + 1a?
-49353
In base 3, what is 200211 - 10001?
120210
In base 15, what is -40178 + 6?
-40172
In base 12, what is -484986 + 3?
-484983
In base 11,